s. Let f(k) = -k - 1. Give f(s).
-7
Suppose 13 = -o - 0*o - 4*m, -4*o + 32 = -5*m. Suppose -4*y - o*d + 25 = -2*d, -d - 38 = -5*y. Let n be 24/14*y/2. Let c(u) = u - 3. Calculate c(n).
3
Let q(r) be the second derivative of r**4/12 + r**3/3 - r**2 + 4*r + 15. Calculate q(-4).
6
Let x(k) = -5*k - 8. Let m(n) be the second derivative of n**3/6 + n**2/2 - 26*n. Let h(o) = -4*m(o) - x(o). What is h(-3)?
1
Let z(t) = -5*t**2 - 6*t + 6. Let r(w) = -279*w**2 - 5*w + 4*w + 2*w + 280*w**2. Let y(n) = -4*r(n) - z(n). What is y(4)?
18
Let i(z) = 3*z**3 - 2*z**2 + 2*z + 3. Let q = -1278 - -1277. Calculate i(q).
-4
Let t be ((-126)/(-56))/((-6)/(-4)). Let r(l) be the third derivative of 0*l + 3/8*l**4 + 5*l**2 - 1/60*l**5 + 0 - t*l**3. Determine r(6).
9
Let x(i) = i**2 - 13*i + 16. Let w(z) = -z**3 + 4*z**2 + 8*z - 20. Let m be w(4). Calculate x(m).
4
Let b(g) = -10*g**3 + 32*g**2 + 18*g + 35. Let p(f) = -3*f**3 + 10*f**2 + 6*f + 11. Let x(h) = 2*b(h) - 7*p(h). Give x(7).
0
Let v(q) be the third derivative of -q**4/6 - q**3/3 + 14*q**2. Let j(r) = 7*r + 4. Let l(n) = -3*j(n) - 5*v(n). What is l(-2)?
0
Let t be 22/4 + ((-31)/2 - -15). Suppose -5*v + 5*d + 1 = 11, 14 = -v + 4*d. Suppose t = -v*i - 1. Let s(a) = a**3 - 5*a - 4. Calculate s(i).
-16
Suppose -5*o = 15, -3*o = 2*x - 1 + 6. Suppose -2 = -q + x. Let s(a) be the third derivative of -a**4/24 + a**3/3 + 11*a**2 + 2*a. Determine s(q).
-2
Let v(j) = 8*j + 3. Let d = 195 + -190. What is v(d)?
43
Suppose -2*t - 5*d - 45 = 0, 3*t + 7*d = 3*d - 50. Let j(u) = u**2 + 11*u + 5. What is j(t)?
-5
Let k be 1 + 0 + 14 + -9. Let p(q) be the first derivative of -q**3/3 + 3*q**2 - 9*q + 53. Give p(k).
-9
Let j = 11 - 10. Let a(m) = m**2 + m + 1. Let x(n) = 4*n**2 + 5*n - 2. Let c(z) = j*x(z) - 3*a(z). Calculate c(-4).
3
Let o(n) = -891 + 2*n**2 - 3*n + n + 886. Let p be (-28)/(-8) - (-2)/4. Give o(p).
19
Suppose 5*x = 3*i + 6, 0 = i - 1 - 2. Let d = -56 + 64. Let h(z) = -2 + 3 - 5 + 9*z - d*z. What is h(x)?
-1
Let m(o) = -2*o - 10. Let v(p) = -1. Let j(g) = -2*m(g) + 18*v(g). Let n(t) = t**3 + 2*t**2 - 13*t + 8. Let z be n(-5). Calculate j(z).
-6
Let d(h) = h**3 + 7*h**2 + h - 2. Let p be d(-7). Let k(v) = 4*v - 5. Give k(p).
-41
Suppose 0 = 3*j - 0*r + r - 9, -3*j = -2*r. Let n(g) = 10*g**2 + 5*g - g**j - 8*g**2 - 8. Give n(-6).
-2
Let v(q) = -11*q**3 - 18*q**2 - 7*q + 3. Let a(p) = -31*p**3 - 52*p**2 - 20*p + 8. Let u(k) = -4*a(k) + 11*v(k). Calculate u(-3).
1
Let q(c) = 268*c - 2 - 106*c - 99*c - 84*c. Calculate q(2).
-44
Let z(b) = -b**3 - 6*b**2 + b - 8. Let g be (-36)/16*128/12. Let d = -30 - g. Determine z(d).
-14
Let o(l) be the first derivative of -l**2/2 + 2*l - 2. Let b(x) = x + 33. Let q be b(-26). Calculate o(q).
-5
Let l be 0 + 1 + -1 + 0. Let u(c) = -6 - 2*c**2 + 0 - 5*c - c**2 + 2*c**2. Let k(s) = -2*s**2 - 9*s - 11. Let j(v) = -6*k(v) + 11*u(v). What is j(l)?
0
Let z(y) = -5*y + 3 + 21*y**2 - 44*y**2 + 22*y**2. What is z(-4)?
7
Let q(w) = -2*w**2 + 34*w - 33. Let s be q(16). Let z(c) = 9*c - 1. Give z(s).
-10
Let f(h) = 7*h**2 + 3*h + 1. Let i(o) = -12*o**2 - 6*o - 3. Let y(w) = -5*f(w) - 3*i(w). Determine y(-3).
4
Let c(t) = -5*t**3 + 0*t - 3*t - 2*t**3 + 0*t**3 - 2. Determine c(-1).
8
Let t(f) be the third derivative of -5*f**4/6 + f**3/6 - 440*f**2. Determine t(-1).
21
Let u(f) = -2*f - 40. Let d be u(31). Let t = 109 + d. Let j(h) be the first derivative of -h**3/3 + 4*h**2 - 3*h - 1. Determine j(t).
4
Let d(q) = q**3 + 6*q**2 - 6*q - 1. Let u(v) = v**3 - 4*v**2 + 2*v - 4. Let x be u(3). Calculate d(x).
-8
Let o(t) = 5*t**2 + 9*t**2 - 12*t**2 + 3 - 2 + 11*t**3 - 2*t. Let l = 5 + -4. What is o(l)?
12
Let o(a) = -2*a**2 + 9*a. Let w = -466 - -472. Determine o(w).
-18
Let i be (83/5)/1 - 2/(-5). Let x(a) = -20*a**3 + 35*a**2 - 35*a - 32. Let w(f) = 7*f**3 - 12*f**2 + 12*f + 11. Let n(h) = i*w(h) + 6*x(h). Give n(5).
-10
Suppose 710*n - 715*n - 25 = 0. Let b(z) = 9*z - 3. Let t(m) = 4*m - 1. Let h(j) = -3*b(j) + 7*t(j). Give h(n).
-3
Let j(x) = 17*x**3 + 37*x**2 + 10*x + 26. Let g(o) = 3*o**3 + 7*o**2 + 2*o + 5. Let n(f) = 11*g(f) - 2*j(f). What is n(3)?
9
Suppose 2*v + v = -5*x - 61, 4*x - v = -59. Let a = 16 + x. Let f(l) = -a - l + 3*l + 4. What is f(-3)?
-4
Let k be (6/21)/(-2 + 58/28). Let n(h) = 2*h - 3. Let t(x) = 1. Let i(s) = n(s) - 2*t(s). What is i(k)?
3
Let r(c) = -3*c - 4. Let b(o) = 3*o + 3. Let q(w) = -2*b(w) - 3*r(w). Give q(-4).
-6
Let a = -256 + 257. Let g(f) = -5*f**2 + 2*f - 1. Give g(a).
-4
Let d be 14/(-98) - (-100)/14. Let u(l) = -l**3 + 8*l**2 - 9*l + 5. Give u(d).
-9
Let d be 1/(-1)*(11 + -40). Suppose 63 = 22*w - d*w. Let f(p) = p**3 + 10*p**2 + 10*p + 1. Calculate f(w).
-8
Let g(f) = f**2 + 5*f + 8. Let a be 30/(-1 - -3)*(-35)/105. Determine g(a).
8
Let n(x) = -3*x + 0*x - 2*x. Let r(a) = 464*a + 926. Let w be r(-2). Calculate n(w).
10
Let f(s) = 4*s - 1. Let g be -1*(1 + 3) + 1. Determine f(g).
-13
Let w(v) = 7*v + 3. Let c(l) = -l**2 + 11*l - 2. Let r be c(0). Calculate w(r).
-11
Suppose 4*g - 15 = -g. Let w(o) = o + 12*o**2 - 6 + 5*o**g + 2*o - 6*o. Let x(n) = -2*n**3 - 6*n**2 + n + 3. Let m(h) = -3*w(h) - 7*x(h). Calculate m(6).
9
Let w(m) = 20163 + m**2 + 10*m**3 + 4*m**3 - 20164. Determine w(-1).
-14
Let d(u) be the third derivative of 11*u**6/120 - u**4/24 + u**3/6 - 248*u**2. Give d(1).
11
Let t(k) be the first derivative of k**7/840 - 7*k**6/360 - k**5/12 + k**4/2 - 5*k**3 + 22. Let o(f) be the third derivative of t(f). What is o(8)?
-4
Suppose -5*p = p - 12, 0 = -5*x + 5*p - 30. Let c(w) = -2*w**3 - 8*w**2 + 3*w + 7. What is c(x)?
-5
Let c(q) = -4*q**3 + 6*q**2 - 6*q - 13. Let h(r) = -r**3 - r**2 - r - 1. Let t(i) = -c(i) + 5*h(i). What is t(-11)?
-3
Let z(r) = 3*r**3 + 18*r**2 + 7. Let a(w) = -2*w**3 - 15*w**2 - 6. Let o(g) = 4*a(g) + 3*z(g). What is o(6)?
-3
Let w(d) = -5 - 2 + d**2 - 3*d - d. Suppose 2*f - 76 = -2*f. Suppose 2*i = 5*x + 4 - f, 3*i - x = 10. Give w(i).
-2
Let t(f) be the third derivative of -f**6/120 - f**5/20 + 5*f**4/12 - 7*f**3/6 - f**2 - 98*f. What is t(-5)?
-7
Let j(g) be the first derivative of g**2 + g + 2. Let i = 434 - 428. Give j(i).
13
Let l(t) be the second derivative of t**3/6 + 3*t**2/2 - 63*t. Give l(-8).
-5
Let g(u) = -u**2 + 8*u + 9. Let q be g(9). Suppose 8*j - 13*j = q. Suppose 0 = -y - 1 - j. Let i(w) = -11*w**2 - 1. Calculate i(y).
-12
Let o(z) be the first derivative of z**3/3 - z - 2. Suppose 1 + 5 = 3*c - m, 3*c + 3*m - 6 = 0. Give o(c).
3
Let u(s) = s**3 - 5*s**2 + 6*s - 2. Let z be 512/17 - 2/17. Let v = -24 + z. Suppose -4*q = v - 22. Give u(q).
6
Let n(w) = 1630*w - 6 - 6 - 1627*w + 1. Calculate n(2).
-5
Let n(a) = -3*a - 8. Let t(y) = 4*y + 10. Let q(k) = 7*n(k) + 6*t(k). Calculate q(-3).
-5
Let j(i) = 8*i - 1. Let o(s) = 43*s - 6. Let g(a) = -11*j(a) + 2*o(a). Determine g(5).
-11
Suppose 0 = 2*z - 5*f, -5*f = -5*z + z. Let p(g) = -g + 5. Give p(z).
5
Let t(l) = -5*l - 14*l**2 - 8*l - 1 + 17*l + 13*l**2. Calculate t(2).
3
Let c(u) = 2*u**3 + 17*u**2 + 12*u + 33. Let s be c(-8). Let o(l) = 40*l**2 + 2*l - 2. Determine o(s).
40
Let f be 3*(-4)/(-96) + 1/(-12). Let g(j) be the third derivative of f*j**4 + 2*j**2 + 1/3*j**3 + 0 + 0*j. Give g(6).
8
Let t(x) = -4*x**3 - 8*x**2 - 2*x. Let g(i) = 5*i**3 + 9*i**2 + 3*i. Let b(c) = -3*g(c) - 4*t(c). Calculate b(-5).
5
Suppose 0 = -3*x - 3, -11*a + 6*a + x - 44 = 0. Let i(z) = -3*z + 5. What is i(a)?
32
Suppose -71*w - 102*w = -692. Let y(k) = 3 - 3*k**2 + k**3 + 4 - 3*k - 3. Give y(w).
8
Suppose a = 3*a + 3*h + 4, 5*h = a - 24. Let f = -27 - -33. Suppose -a*k - f = -2. Let y(p) = 5*p**2 - 1. What is y(k)?
4
Let m = 3 + 6. Suppose -m*k + k = 40. Let x(c) = -c**2 - 8*c - 1. Determine x(k).
14
Let f(y) = -y + 3*y - 3 - y + 0. Determine f(1).
-2
Let a(c) = -5*c + 1. Let k(r) = 8*r - 1. Let h(j) = 5*a(j) + 3*k(j). Let t be 4 + (2 - 4) - 0. What is h(t)?
0
Let j = -685 + 690. Let n = -3 + 5. Let m(b) = 1 - 4 - 3*b - b**3 + 8*b**n - 2*b**2. Determine m(j).
7
Let i(w) be the second derivative of -w**4/12 + w**3/2 - 2*w**2 + w. Let j(o) = -o**2 + 127*o + 941. Let x be j(-7). What is i(x)?
-4
Let i(u) = -u**3 - 7*u**2 - 6*u + 6. Let s be 2*4/(2/1). Suppose 10*q + 36 = 16. Let c = q - s. Calculate i(c).
6
Let p(r) = 4239*r - 8482*r + 4243*r + 18*r**2. Determine p(1).
18
Let x(n) = 